) = 2*p**3 - p**2 + p - 2. Let u(g) = -3*g**3 + g**2 - 2*g + 7. Let f(w) = -2*m(w) - u(w). What is f(-2)?
9
Suppose -28 = -3*i - 5*r, -4*i - 3*r + 0*r + 19 = 0. Suppose l - 6 + 3 = 0. Let y(q) = -q + 0*q + i - l - q**2 - 4*q. Give y(-4).
2
Let j(n) = n**2 - 8*n + 3. Let c(i) = -63*i - 304. Let b(z) = -31*z - 154. Let p(l) = -9*b(l) + 4*c(l). Let q be p(-6). What is j(q)?
3
Let x(h) be the second derivative of h**3/6 - 5*h**2/2 - 2*h. Suppose -880 = 6*z - 16*z. Let b = 93 - z. What is x(b)?
0
Suppose -34*p + 26*p = -168. Let v(f) = -26 - 3*f + 1 + p. Determine v(4).
-16
Let b be (-16 + 21 - -5) + -7. Let z(g) = -3*g**3 + 8*g**2 - 4*g - 6. Calculate z(b).
-27
Let x be 15 - 8 - (-7 - 7). Let i(n) = -n + 22. Determine i(x).
1
Let a(u) = -13*u - 59. Let j(v) = 10*v**2 - 430*v - 5. Let i be j(43). Calculate a(i).
6
Let o(x) be the second derivative of -5*x**3/6 + 15*x**2 - 2518*x. What is o(7)?
-5
Let a(k) = 10*k**2 + k + 663*k**3 + 657*k**3 - 3 - 1321*k**3. Determine a(9).
87
Let b(n) = 4*n**2 - 12*n + 31. Let t(j) = 3*j**2 - 11*j + 29. Let c(m) = 4*b(m) - 5*t(m). Determine c(-10).
9
Let b(q) = -q + 5. Let s be b(2). Let p be (1 + -7)*(s/2 + -2). Let k(f) = p + 0*f - 2*f - f. Calculate k(2).
-3
Let y(f) be the first derivative of -f**3/3 - 7*f**2/2 - 2*f + 3. Suppose -192*b = -190*b + 14. Let j be (1 + b)*(1 - 0). Give y(j).
4
Let c(d) = 8*d + 67. Suppose 3*k + 7*q = 2, -2*k + 6*k + 69 = 5*q. Determine c(k).
-21
Let h(r) be the first derivative of -3*r**2/2 - 6*r + 44. Suppose -c + 0*c - 5*b - 22 = 0, -4*c = -2*b. Let i be (c/3)/((-2)/(-15)). Give h(i).
9
Let r(b) be the first derivative of 0*b**2 + b**3 + 22*b - 1/12*b**4 + 18. Let n(a) be the first derivative of r(a). What is n(5)?
5
Let r(f) be the second derivative of -13*f**3/2 - 288*f**2 - 3*f + 68. Calculate r(-15).
9
Let p(q) = 7 - 16 + 5 + 5 + 6*q. Calculate p(-15).
-89
Let d(z) = 26*z + 7. Let l(a) = a**2 - 106*a + 1042. Let y be l(95). Calculate d(y).
-71
Let l = 2127 - 2125. Let v(n) be the second derivative of 0*n**l + 0 - n + 1/12*n**4 - 5/6*n**3. Calculate v(5).
0
Suppose -5*c + 0*c - 6*k = -77, 3*c - 51 = -2*k. Let s(g) = 29*g - 548. Determine s(c).
3
Let p(k) = -16*k + 2*k + 18*k + 0*k + 16 - 2*k. What is p(-4)?
8
Let m(u) = -2*u**3 - 5*u**2 - 4*u. Let q(s) = s**3 - 7*s**2 - s - 13. Let j be q(7). Let g = j - -20. Suppose 5*x - 4 + 19 = g. Determine m(x).
21
Let o(k) = 2*k**2 - 5*k - 1. Let p(y) = -8*y**2 + 25*y - 52. Let z(h) = 5*o(h) + p(h). Determine z(5).
-7
Let i(h) be the first derivative of h**5/60 - 7*h**4/24 + 2*h**3 - 121*h**2/2 + h - 222. Let x(o) be the second derivative of i(o). What is x(6)?
6
Let d(q) = -q + 6. Let c = 334 - 330. Suppose c*b - 36 = -2*v, -27 = -3*b + v - 4*v. Calculate d(b).
-3
Let n(v) = 763*v**2 - 379*v**2 - 7 + v - 363*v**2. What is n(-3)?
179
Suppose 4*a - 2*x - 20 = -6*x, -a = -2*x + 1. Suppose -6*p + 3 = -3*u, 5*u = 6*u - 3. Let y(r) = 1 - 4 + a*r + 4*r**p - 3*r**2. Give y(2).
7
Let d(n) = 3*n**2 + 18*n + 15. Let o(x) = -4*x**2 - 25*x - 16. Let w(j) = 5*d(j) + 4*o(j). Calculate w(-11).
0
Let i be (-336)/1344*(-4)/6. Let h(n) be the second derivative of 4*n**2 + 1/20*n**5 + 21*n - 1/12*n**4 + 0 - i*n**3. Give h(0).
8
Let n(a) = 4*a - 26*a + 13*a + 10*a + 1. Determine n(-6).
-5
Suppose -3*u = -7*u + 12. Let d(j) be the third derivative of j**5/30 - j**4/12 + 2*j**3/3 - 34*j**2 + 14*j - 3. Give d(u).
16
Let j(v) = -5*v + 121. Let t = -1397 + 1421. Calculate j(t).
1
Suppose -718 = 4*p - 594. Let r = 20 - 49. Let a = r - p. Let v(h) = -h**2 + 2*h - 2. Calculate v(a).
-2
Suppose 2*c = 2*i + 6, -21*c - 3*i + 26 = -19*c. Let g(f) = -19*f - 27. Let p(x) = 11*x + 14. Let u(h) = c*p(h) + 4*g(h). Give u(13).
3
Let o = -4631 - -4633. Let l(z) = 37*z + 2. What is l(o)?
76
Suppose 0 = -5*o - l, -4*o + 10*l - 9*l = 9. Let j be 3 + o - (-3)/(-6)*-10. Let s(u) = 2*u - 6. Give s(j).
8
Let a(k) = -3*k + 5. Suppose 0 = -8*c + 18*c - 70. Let h(r) = 2*r - 3. Let j(u) = c*h(u) + 4*a(u). Give j(-6).
-13
Let v be (3/((-27)/(-2)))/(7 + (-943)/138). Let q(o) be the third derivative of 0*o + 1/3*o**4 - 15*o**2 - 1/60*o**5 + 0 - v*o**3. Determine q(6).
4
Let a(u) = 5*u**3 + 34*u**2 - 42*u + 32. Let t(i) = i**3 - i**2 - i - 2. Let c(w) = -a(w) + 4*t(w). Calculate c(-39).
-1
Let j(d) = d**3 + 9*d**2 - 11*d - 8. Suppose -128 = -3*q + 61. Let k(m) = -m**2 - 379*m - 2968. Let w be k(-8). Let h be q/(-7) + -1 + w. Calculate j(h).
2
Suppose 4*b - g = 5*b + 5, 0 = -3*b + 3*g + 15. Let r(x) be the first derivative of -7/4*x**4 + 0*x**3 + 0*x + 23 + b*x**2. Calculate r(-1).
7
Let l(r) = 2*r**2 + 13*r + 3. Let o be l(0). Let k(b) = -2*b**2 - 6*b + 2. Determine k(o).
-34
Let s(q) be the third derivative of q**8/6720 - q**7/630 + q**5/30 - q**4/6 - 5*q**3/3 - 5*q**2 + 3. Let z(h) be the second derivative of s(h). Give z(3).
-5
Let w(q) = q**3 + 34*q**2 + 4. Let j be w(-34). Let a(g) = 57 - 5*g + j*g - 51. Suppose 5*n = -0*n + 20. Give a(n).
2
Let j(d) = -d**3 - d**2 + d + 16. Let x be (3*-3 + 74 + -65)/(1 - -1). Determine j(x).
16
Let n = -113 - -112. Suppose -11 - 13 = -2*r. Let l(v) = r - 15 + 2 - 4*v. What is l(n)?
3
Let z = 9334 + -9335. Let r(u) = -16*u - 12. Calculate r(z).
4
Let f(d) = 4*d**2 + 46*d + 10. Let r(m) = -8*m**2 - 92*m - 19. Let w(z) = 13*f(z) + 6*r(z). Determine w(-11).
-6
Let d(f) = f**2 + 8*f + 5. Suppose 3*n + p - 17 = -0, 0 = -3*n - 5*p + 13. Let s(r) = -r - 2. Let y be s(n). Let h be (5/4)/(2/y). Give d(h).
-10
Let y = -9002 - -8999. Let s(o) = -o**3 - o**2 - 8*o - 6. Determine s(y).
36
Let q(y) be the first derivative of -y**6/120 + y**5/15 + y**2 - 3*y - 115. Let r(c) be the second derivative of q(c). Calculate r(3).
9
Let o(l) = l**3 + 8*l**2 + 30*l + 1. Let u(d) = 8*d**3 + 62*d**2 + 241*d + 6. Let v(b) = 17*o(b) - 2*u(b). What is v(-9)?
-4
Let p(k) = k**2 + k + 1. Let t(n) = 2*n**2 + n + 2. Suppose -4*b - u = 149, -b - 188 = 4*b + 3*u. Let d = b - -44. Let l(c) = d*p(c) - 3*t(c). Give l(-3).
-2
Let n = 24913 + -24916. Let x(j) = j + 46. Calculate x(n).
43
Let c(a) = 6*a**2 - 31*a - 77. Let l(u) = -u**2 + 5*u + 2. Let j(d) = -c(d) - 5*l(d). Determine j(13).
-24
Let v(k) = 93*k + 2 - 92*k + 2. Let m(j) = 12*j**2 + 15*j + 9. Let o(u) = -4*u**2 - 5*u - 3. Let b(n) = -6*m(n) - 17*o(n). Let g be b(-2). What is v(g)?
-5
Let s(q) be the third derivative of -q**6/120 + q**5/12 + 5*q**4/24 + q**3 - 58*q**2. Let g be (-6)/(-8) + 85/20. Suppose 30 = -0*y + g*y. What is s(y)?
0
Let w(h) = -17*h - 1. Let f(b) = -6 + 6 - 3 - b. Let c be f(-5). Let u be (-7)/(-9) + (-48)/27 + c. Determine w(u).
-18
Suppose -60*d - 408 = 76*d. Let y(p) = -2*p**2 - 4*p + 1. Give y(d).
-5
Let x(v) = -155*v - 2*v**2 + 78*v + 75*v + 2 + 3*v**2 - 4*v**2. Let j = -8 - -9. Calculate x(j).
-3
Let z(c) = -7*c - 215. Let o(w) = -4*w - 249. Let i(u) = -6*o(u) + 7*z(u). What is i(3)?
-86
Let q(a) be the first derivative of 0*a - 44 + 1/3*a**3 + 0*a**2. Give q(2).
4
Let p(j) be the second derivative of j**4/2 + 25*j**3/6 - 6*j**2 - 2*j - 1070. Calculate p(-5).
13
Let k = -192 + 206. Let q(s) = -s + 21. What is q(k)?
7
Let h be (7/(-3))/(2/(-12)). Suppose -19*c + 658 = 28*c. Let k = c - h. Let u(p) = p**3 - p**2 + 5. What is u(k)?
5
Let p(i) = 2*i - 9. Let b be p(7). Let y(q) = 21*q**3 + 15*q**2 - 17*q - 31. Let d(v) = -13*v**3 - 10*v**2 + 11*v + 19. Let k(g) = 8*d(g) + 5*y(g). Give k(b).
12
Let c(i) = 2*i**2 - 208*i - 3*i**2 - 256 + 65*i + 110*i. Calculate c(-14).
10
Let l(v) = 2*v - 31. Let b = -3774 + 3783. Determine l(b).
-13
Let v(x) = x**2 - 9*x + 1. Let p be v(9). Let d(a) = 36*a + 38*a - 91*a. Determine d(p).
-17
Let d(k) be the second derivative of 14*k**3/3 + 41*k**2 - 4*k - 255. Determine d(-3).
-2
Let v(k) = -3*k. Let s = 35 - 42. Let b be (-2)/s*(-238)/34. Calculate v(b).
6
Let l(c) be the first derivative of c**4/4 - 10*c**3/3 - 3*c**2 + 18*c - 1224. What is l(10)?
-42
Let z(s) = -s**2 + s + 3 - 5*s + 2. Let a = -120622 + 120616. Give z(a).
-7
Let i = -48 + 46. Let v(l) = 1 + 4*l + 1 + 0 + 4 + 3*l**2. Let p(t) = t**2 + t + 1. Let c(s) = 5*p(s) - v(s). Determine c(i).
5
Let c(h) = -82*h - 4. Let j(y) = 83*y + 4. Let n(g) = 2*c(g) + 3*j(g). Give n(1).
89
Let u(f) be the third derivative of -f**5/60 - f**4/24 + 11*f**3/6 + 467*f**2. Let z be (2 - 0 - 2) + 0. What is u(z)?
11
Suppose 9*s = 